*x - w. Let c(z) = 22*z + 1 - x*z + 24*z. What is c(3)?
-11
Let j(l) be the third derivative of 0*l**3 + 1/24*l**4 + 0 + 0*l - 12*l**2. Suppose -28 = 3*z + 5*v, 0*z = -4*z - v - 26. What is j(z)?
-6
Let f(d) = -3*d**2. Let a(x) be the first derivative of 38*x**3/3 + 2*x**2 - 8*x - 39. Let z(y) = a(y) + 12*f(y). What is z(-4)?
8
Suppose 0 = 8*u - 7*u - 1. Suppose -11*i - 20 = -15*i. Let d(m) = -26*m**3 + m**2 + 15*m**3 + i*m**3. Calculate d(u).
-5
Let c(f) = f + 7. Let q be c(-6). Let k(x) = -x. Let g(u) = 8*u. Let m(j) = q*g(j) + 4*k(j). Give m(-3).
-12
Let o(b) be the first derivative of b**2/2 + 3*b - 54. Let q be (-8 - (-6 - -1)) + (-30)/(-2). Suppose 10*u = q*u + 14. Determine o(u).
-4
Let i(h) be the second derivative of h**3/6 - 15*h**2/2 - h - 7. Give i(8).
-7
Let k(t) = -t**2 + 9*t - 6. Let v(o) = -2*o**2 + 17*o - 11. Let i(d) = -5*k(d) + 2*v(d). Let n = -5382 + 5391. Calculate i(n).
-10
Suppose -2*v + 86 = 3*y, -42 = -3*v + 2*v - 2*y. Suppose 47*d = v*d - 1. Let n(s) = -4*s - 1. What is n(d)?
3
Let s(b) be the first derivative of -b**3/3 - 3*b**2/2 + 4*b + 2122. Determine s(0).
4
Let g(n) = 2*n**3 + n**2 - n + 11. Let m(c) = c**3 + c**2 - c + 1. Let v(q) = -g(q) + 3*m(q). Determine v(-4).
-32
Suppose 3 = -d, -243*x - 2*d = -241*x + 20. Let j(k) = k**3 + 6*k**2 - 4*k + 22. Calculate j(x).
1
Let m(k) be the first derivative of k**2 - 2*k - 609. Determine m(14).
26
Let w(z) be the third derivative of -z**3 - 94*z**2 - 1/10*z**5 - 1/4*z**4 + 0 + 0*z + 1/120*z**6. Calculate w(7).
1
Let v(l) be the second derivative of l**5/20 - 7*l**4/12 - 4*l**3/3 + 11*l**2/2 - 27*l + 8. Let w be -16*(-4)/24*3. Give v(w).
11
Let o(f) = -f**3 - 6*f**2 + 9*f + 7. Let c(t) be the first derivative of -7*t - 1/3*t**3 - 2 + 0*t**2. Let i be c(0). Determine o(i).
-7
Let y = -2201 + 361. Let j be 8/3 + y/276. Let x(f) be the first derivative of f**3/3 + 7*f**2/2 + 5*f + 1. Calculate x(j).
-7
Suppose -12*l = -2*l - 50. Suppose 4*u = -3*z + 1 + 14, 5*z - 60 = l*u. Let d(f) = -f**3 + 10*f**2 - 8*f + 8. Determine d(z).
17
Let j(w) = 20*w + 161. Suppose 87*m - 86*m - 116 = 14*l, l + 12 = m. Give j(l).
1
Let r = -4 - -3. Let w(p) = -7*p**2 - 6*p + 3. Let f(c) = -35*c**2 - 32*c + 17. Let s be (-11650)/1050 - (-2)/21. Let z(l) = s*w(l) + 2*f(l). Determine z(r).
6
Let t(w) be the second derivative of w**3/2 + w. Let b = -271 + 273. Determine t(b).
6
Let o(a) = -66*a**2 - 3*a + 3. Let d(x) = -723*x**2 - 33*x + 34. Let u(h) = -2*d(h) + 23*o(h). Give u(1).
-74
Let p(i) = 43*i**2 - i - 1. Let m be p(1). Let t(d) = 14 + 8 + 2*d**2 + 16 - m - d. What is t(4)?
25
Let i be ((-4)/(-7))/((-20)/70)*(-14)/4. Let l(k) be the first derivative of 3/2*k**2 + i - 3*k - 2/3*k**3. Determine l(4).
-23
Let f(i) = -i**2 - 10*i + 15. Let g be f(-11). Suppose 15 = 4*d - 5*p, -2*d + 10 = g*p - 4. Let x(h) be the first derivative of h**2/2 + 165. What is x(d)?
5
Let g(k) = 1 + 851793*k - 851793*k - k**2 + 4*k**3. Let a(u) = -2*u + 1. Let p be a(-2). Suppose 2 = 3*h - p*d, -2*d - 1 + 2 = -3*h. Determine g(h).
-4
Let v(h) be the first derivative of h - 198 + 1/2*h**2. Suppose 0*i = -2*i - 4. Calculate v(i).
-1
Suppose 24*y - 141 = 123. Suppose 0 = y*g - 0*g + 88. Let u(k) = -k - 9. Give u(g).
-1
Let q(k) = -156*k + 151. Let z(a) = -549*a + 452. Let g(m) = 7*q(m) - 2*z(m). What is g(-28)?
-15
Let d(f) = -3*f - 24. Let u(y) = -12*y - 65. Let q(t) = -3*d(t) + u(t). Let j be 5*(-1 + (2 - 0)). Determine q(j).
-8
Let k(s) be the third derivative of s**6/60 - s**5/15 + s**4/8 - s**3/3 + 2*s**2. Let n be 6/4*(-848)/(-6) + 1. Suppose 0 = -3*b + n - 207. Give k(b).
4
Let r be -3 + 6 - (0 + -1). Let c(k) = r - 54*k**2 - 2 + 2 - 6*k - k**3 + 60*k**2. Give c(4).
12
Let o = -6287 + 6291. Let f(m) = -10*m + 22. Calculate f(o).
-18
Let j(l) = -l - 3. Let f(g) = g**3 - 9*g**2 - 15*g - 26. Let u be f(11). Suppose 3*p - 49 = -4*c - u, -c = -p - 10. What is j(p)?
3
Let z(u) be the first derivative of 15*u**2/2 + 103*u + 1518. Give z(-7).
-2
Let x(h) = 12*h - 12. Let u(c) = 5*c - 7. Let m(t) = 5*u(t) - 2*x(t). Let f be m(7). Let n(v) = -v**3 - 5*v**2 - 3*v + 2. What is n(f)?
-2
Let h(d) = -d**3 + 6*d**2 + 7*d + 2. Let x be h(7). Let z(v) be the first derivative of 17*v - 17*v + 0*v**2 + v**x - 1. What is z(-4)?
-8
Let i(f) = 799 - 5*f + 799 - 2405 + 803. Give i(-1).
1
Let n(o) = -o**2 - 7*o + 4. Let k = -2623 - -2584. Let m(x) = -8*x**2 - 2*x + 3. Let u be m(2). Let v = k - u. Calculate n(v).
10
Let w(h) = 51*h**2 - 36*h - 28. Let b(y) = -33*y**2 + 23*y + 18. Let q(v) = -14*b(v) - 9*w(v). Calculate q(0).
0
Let p(o) = o**3 - 2*o**2 - 3*o - 3. Let x(r) = -2*r - 7. Let y be x(-5). Let q = 2 - 2. Suppose q = 9*i + y - 30. Determine p(i).
-3
Let z(n) = -n**2 - 13*n - 37. Suppose 58*i - 14 = 61*i + 7. What is z(i)?
5
Let n(d) = 223*d - 1110. Let a(m) = -2*m**3 + 3*m**2 + 5*m + 5. Let h be a(0). Calculate n(h).
5
Suppose -65*b - 2696 = 72*b - 504. Let c(a) = -a**3 - 15*a**2 + 18*a + 37. Give c(b).
5
Suppose -3*p - 6 = -9*p + 12*p. Let y(q) = -53*q**3 + 2*q**2 - 1. Determine y(p).
54
Suppose 4*h + 30*w = 33*w + 9, -2*w = 4*h - 34. Let m(i) be the first derivative of 2*i**3/3 - 13*i**2/2 + 11*i - 14. What is m(h)?
5
Let j(u) = -5 + 11*u - 4 - u**3 + 2*u**2 - 13 + 18 - 9*u. Determine j(2).
0
Let m(d) = 3*d + 1. Let r be 13/(-26)*(1 + 1)*-1. What is m(r)?
4
Let q = 60 - 63. Let b(o) be the third derivative of -o**4/24 + o**3/6 - 4*o**2. Let r(n) = 2*n - 4. Let p(u) = q*b(u) - r(u). Give p(-5).
-4
Let s(m) = -m**3 + 5*m**2 - m. Let n be s(5). Let g(j) = 4*j**2 - 18*j - 573. Let h(w) = -w**2 + 3*w + 116. Let x(z) = g(z) + 5*h(z). What is x(n)?
-3
Let f(o) = -3*o**2 - o - 4. Let c(k) = 13*k**2 + 23*k + 22. Let x(l) = -c(l) - 4*f(l). What is x(-19)?
-6
Suppose 5*y = -3*k + 67, -3*y + 21 = -3*k - 0*k. Suppose 0*v - y*v + 22 = 0. Let j be (5/10 + 30/4)/v. Let q(s) = s**2 - 5*s + 3. Give q(j).
-1
Let k(b) = -b**2 - 9*b - 15. Suppose -o + 28 = o. Suppose 2*v - o = -26. Let h be k(v). Let a(y) = -y**2 + 4*y - 4. Determine a(h).
-1
Let c(l) be the second derivative of l**4/12 + l**3/2 + 2*l**2 + l. Let m(h) = h + 1. Let x(t) = c(t) - 3*m(t). Let i be 8/(-3) + 17/(-51). Calculate x(i).
10
Let s(r) = -2*r - 1. Suppose -3*t + 36 = t. Suppose 13*o - 43*o = -120. Let z be (-16)/6*t/o. Calculate s(z).
11
Let j(s) = -3*s**3 + 104*s**2 - 188*s**2 - 3 + 17*s - 12*s + 104*s**2 - 2. Give j(7).
-19
Suppose -31*m + 138 = 76. Let b(j) be the first derivative of -5/2*j**m + 6*j - 46 - 1/3*j**3. What is b(-6)?
0
Let f be 333 + (9/(-36) - 15/4). Let z(s) = 168*s**3 + 5 + 2*s - f*s**3 + 162*s**3 - 6*s**2. Calculate z(4).
-19
Let w(x) = 7 - 3 + 3 + 6*x**2 + 7*x + x**3. Let h(s) = -571*s + 2279. Let b be h(4). Determine w(b).
-3
Let y(r) be the second derivative of r**5/120 + r**4/8 + 55*r**3/6 - 46*r. Let x(h) be the second derivative of y(h). Give x(-7).
-4
Suppose -14 = 3*r + n + 3, 5*r - 2*n = -32. Suppose -3*j + 11*j = 1872. Let s(m) = j*m - m**2 - 238*m - 1 + 5 - 2. Calculate s(r).
-10
Let n(c) = c**3 - 3*c**2 - 2*c - 3. Suppose 10*g = -74*g + 9*g. Calculate n(g).
-3
Suppose j = 29 - 27. Suppose j*o + 2 - 12 = 4*s, 0 = 3*s. Let a(y) = -y**2 + 11*y + 4. Determine a(o).
34
Let w(i) = 70*i - 1703. Let n be w(24). Let q(d) = 2*d**2 + 47*d + 24. Calculate q(n).
1
Let q(l) = 33*l + 136962 - 274963 + 137139. What is q(26)?
-4
Let v be -1 + (-4)/(-3) + (-2)/6. Suppose -3 = 3*c + 4*q - 5, v = c + q - 1. Let l(t) be the first derivative of t**3 - 3*t**2/2 + 3*t + 1. Give l(c).
9
Suppose 4*w + 14 = 2*m, 1023*w - 1026*w - 23 = m. Let h = 5 + 1. Let q(r) = 2 - 3*r**2 + 2*r**2 + h*r - r**3 - 3*r**2. Calculate q(m).
-3
Suppose -248*z = 4*k - 252*z + 12, 5*k - 3*z + 9 = 0. Let d(s) be the third derivative of -3/8*s**4 + k + 23*s**2 + 7/6*s**3 + 1/60*s**5 + 0*s. Give d(8).
-1
Let u = -20 - -42. Let t = u - 20. Let l(j) = 8*j + 5 + 2 + 2 + 3*j**t + j**3 + 5*j**2. What is l(-7)?
2
Let q(o) = -o**2 - 9*o - 2. Let i(h) = -33*h + 1569. Let n be i(48). Give q(n).
-92
Let b(w) = -w**3 + 16*w**2 + 35*w - 23. Suppose -411*u + 4913 + 2485 = 0. Give b(u).
-41
Let k(w) = 15*w**2 - 93*w. Let l(m) be the first derivative of 2*m**3 - 37*m**2/2 - 159. Let j(o) = 5*k(o) - 12*l(o). What is j(7)?
0
Suppose 5*n - 16 - 56 = -2*f, -5*n = -4*f - 96. Suppose n = -2*t - 3*z, -4*t - z - 31 =